-28)?
1
Suppose t - 347 = -4*h + 302, 0 = -3*t - 3*h + 1983. What is the tens digit of t?
6
Suppose -2*v - 11 = -3*v + a, -5*a = 2*v - 15. Suppose -2*t - 24 = -5*d, -d - 2*d - t = -v. What is the units digit of d?
4
Let w = 912 - -353. What is the hundreds digit of w?
2
Suppose 0 = 45*y - 28*y - 13804. What is the tens digit of y?
1
Let i(t) = -t**2 + 8*t + 14. Let f be i(9). Suppose 0 = f*y + y - 30. Suppose -2*u = -u + y*j - 40, -92 = -4*u - 3*j. What is the units digit of u?
0
Let h = 215 + -165. What is the hundreds digit of -762*(3 - h/15)?
2
What is the hundreds digit of (-203541)/(-91) + 2/7?
2
Suppose -9*k + 2*k = -189. Suppose -k = -z - 1. What is the units digit of z?
6
Suppose -2*f = h + 68, -2*h - 164 + 23 = -f. What is the hundreds digit of (3*56/(-30))/(2/h)?
1
Suppose -5*b + 15 = -0*b. Let x(d) = 10*d - 2. Let z be x(b). Let l = 2 + z. What is the units digit of l?
0
What is the hundreds digit of 3 + (337 - 2) + -7?
3
Suppose 0*q - 1 = -q, -3*q + 198 = f. Let p(z) = z**3 + z**2 + z + 4. Let r be p(0). What is the units digit of f/4 - r/(-16)?
9
Suppose 0 = 5*j - j + 4, -5*j - 15 = -5*c. Suppose 0 = -4*g + 2*g + c. What is the units digit of g?
1
Let h(l) = 2*l**3 + 10*l**2 + 4*l + 2. Let i be h(-4). Let f = i + -6. What is the units digit of f?
2
Suppose -o - 30 - 44 = -5*f, -3*f + 22 = 5*o. Suppose -8 = -4*a - 5*v + 4*v, -5*v - f = 2*a. Suppose -x = a*x - 64. What is the tens digit of x?
1
Suppose -5 = -10*j + 5*j. Let d(k) = 14*k**2 + 8*k - 7. What is the tens digit of d(j)?
1
Let n(s) = -4*s + 5 - 4*s - 4 + 5. What is the tens digit of n(-5)?
4
Suppose 0 = -2*c + 4*v + 1354, 0 = 3*c - 5*v - 1624 - 410. What is the units digit of c?
3
What is the units digit of (40476/(-36))/(1/6*-2)?
3
Suppose -l + 446 = 44. What is the hundreds digit of l?
4
Let c = 10 - 10. Suppose c*j - 75 = -3*j. What is the units digit of (j/(-2))/((-1)/2)?
5
Suppose 5*w - 5 = -3*x, 3*x - 4 = -3*w - w. Suppose -v + 18 + 43 = x. What is the tens digit of v?
6
Let d be (-6)/10 - (-234)/(-10). What is the units digit of d*(-18)/6 - (2 - 0)?
0
Let g = 9 - 12. What is the units digit of g/(9/(-6)) + 0?
2
Let z = 157 + -22. What is the hundreds digit of z?
1
Let k = 10 + -16. Let v(o) = -o**2 - 5*o - 8. Let z be v(k). Let m = -11 - z. What is the units digit of m?
3
Let y(w) = -55*w**3 + w**2 - w + 3. What is the units digit of y(-2)?
9
Let g(c) = 7*c**2 + c + 7. Let u be g(4). Let z = u + 199. What is the hundreds digit of z?
3
Let x(t) = t**3 - 4*t**2 - 2*t + 2. Let q be x(4). Let a(i) = i**3 + 6*i**2 - 7*i + 12. What is the tens digit of a(q)?
5
Let n(c) = -c**3 - 14*c**2 + 8*c + 1. Let q be n(-15). Suppose q = 4*o - 210. What is the tens digit of o?
7
Let i = 11 + -9. Suppose -152 = i*c - 10*c. What is the units digit of c?
9
Let z(q) = -77*q**3 - q. Let b be z(1). Let x = 45 + b. What is the tens digit of x/(-4)*(1 - -3)?
3
Let a = 1866 - -637. What is the units digit of a?
3
What is the tens digit of 6/4*(-177738)/(-99)?
9
Suppose u + 349 = 5*j - 133, 0 = -5*j - 5*u + 470. Let v = 217 - j. What is the tens digit of v?
2
Suppose -4*w - 22 = -4*k - 6, 0 = -4*k - w + 6. Suppose -3*b = 2*t - 94, -k*t + 62 = b - 6*b. What is the tens digit of t?
4
Let j = -6065 - -8782. What is the units digit of j?
7
Let j(d) = d + 15. Let g be j(-16). Let t be 0 - g - (-7 + -1). What is the tens digit of 3/(-9) - (-435)/t?
4
Suppose 5*j = 2*m - 1556, 37 = 5*j + 17. What is the tens digit of m?
8
Let i(b) = -b**3 - 3*b**2 - 3*b - 3. Let v be i(-2). Let r = 6 + v. What is the units digit of r?
5
Let u(w) = 20*w + 269. What is the units digit of u(0)?
9
Let m = 329 + -219. Let k = 188 - m. What is the units digit of k?
8
Let u = -42 + 26. Let o be ((-24)/u)/((-1)/(-2)). What is the tens digit of (-55 - -2)*(2 - o)?
5
Let n(k) = 52*k + 1509. What is the tens digit of n(0)?
0
Let k(n) = -2*n + 47. Let z be k(16). What is the tens digit of 4/(-5) - (6 + (-2217)/z)?
4
Let p = 302 - -58. Suppose -12*v = -3*v - p. What is the tens digit of v?
4
Suppose g - 12 = -3*g. Suppose 0 = -5*h + 5*c + 210 + 115, 0 = 3*h + g*c - 213. Suppose h = -4*u + 8*u. What is the tens digit of u?
1
Let x = 68 + -64. Suppose 375 + 69 = x*a. What is the units digit of a?
1
Let n = 510 - 197. What is the hundreds digit of n?
3
Suppose -4*w = -z - 4, -5*w = -w + 2*z - 16. Suppose -w*k = 3*a - 191, -5*a = 2*k - 285 - 28. What is the tens digit of a?
6
Let b(c) = -19*c + 19. Let k(g) = 18*g - 18. Let h(w) = 5*b(w) + 6*k(w). What is the tens digit of h(5)?
5
Let d be ((-30)/25)/((-1)/(-150)). Let n = 400 + d. Let v = -157 + n. What is the tens digit of v?
6
Suppose -3*p - p = -20. Suppose -m + 9 = -p. Suppose -9*l + m*l = 190. What is the units digit of l?
8
Let f(l) = 2*l**3 - 2*l - 1. Suppose -4*n = -8*n + 8. What is the units digit of f(n)?
1
Let q(h) = -27*h - 173. What is the units digit of q(-41)?
4
Let m(w) = 59*w**2 - w - 1. Let b be m(-1). Suppose 48*o = -153 - 1623. Let i = b + o. What is the units digit of i?
2
Let d(n) = -3*n**2 - 14*n + 5. Let b be d(-5). Suppose b*k - 620 = -5*k. What is the hundreds digit of k?
1
Suppose 10 = r - 4*p, -6 = -4*r - 0*r - p. Suppose -2*g = r*m - 32, -2*g + 3 = -4*m + 1. Let t = 15 - g. What is the units digit of t?
4
Suppose 11*i - 74935 = -30495. What is the units digit of i?
0
Suppose 0*h = h + 47. Let l = 28 + h. Let p = 6 - l. What is the tens digit of p?
2
Let v(g) = -g - 13. Let x be v(-8). Let k(u) = -5*u + 7. What is the units digit of k(x)?
2
Let f = 350 - 160. Suppose -2*z + f + 42 = 0. What is the hundreds digit of z?
1
Let y(o) be the second derivative of -o**5/20 + o**4/3 + o**3/3 + 9*o**2/2 + 23*o. What is the tens digit of y(4)?
1
Let a(c) = c**2 + c - 15. Let m be a(-5). Let p(d) = 2*d**3 - 5*d**2 - 6*d + 6. What is the units digit of p(m)?
1
Let k = 55 + -51. Let g be -1 + (-2 - -1) + 149. Suppose -k*u - 3*i = -g, 3*u - 61 - 33 = i. What is the tens digit of u?
3
Let c(g) = -3 - g + 2 + 0 - 2. Let v be c(-4). What is the units digit of 432/90 - v/(-5)?
5
Suppose -12*q + 4*x = -7*q - 6530, 5*q - 6575 = -5*x. What is the tens digit of q?
1
What is the tens digit of ((-56)/16)/((-2)/372)?
5
Suppose -13*c + 9*c = 68. What is the tens digit of 1/((-4)/86)*68/c?
8
Let h(s) = -17*s + 3. Let r be (5/(-2) - -1)*4 + 3. What is the units digit of h(r)?
4
Let i(c) = c**2 + c + 16. Let k(n) = n - 6. Let w be k(6). Let u be i(w). Suppose -u = 3*f - 88. What is the tens digit of f?
2
Let g be (-3)/(-1 + 0) + 1. Suppose -5*p - 23 - 26 = -4*x, -g*x = 2*p - 70. Suppose -3*c = 3*v - 60, 10*c = -v + 5*c + x. What is the tens digit of v?
2
Let b = 322 + 32. What is the tens digit of b?
5
Let y = 12 + -9. Let j(w) = -w**3 + w**2 + 2*w. Let t be j(2). Let i = y - t. What is the units digit of i?
3
Let g be ((-76)/6)/(84/(-2142)). Let n = g + -226. What is the units digit of n?
7
Suppose 7*a - 3*a = -308. Let z = a + 188. What is the hundreds digit of z?
1
Let g = 2409 + -1391. What is the units digit of g?
8
Let h(l) = 5*l**2 + 4*l + 4. Let p be h(8). Let m be p/(-20) - (-1)/(-5). What is the units digit of 6/m*(2 + -17)?
5
Let m = -8 - -14. Let w(q) = 39*q - 1. Let j be w(1). Suppose m = 2*a, 2*x + 4*a = x + j. What is the units digit of x?
6
Let i(v) = 10*v**2 - 7*v - 11. Let t(a) = a**3 - a**2. Let z(k) = i(k) - t(k). What is the units digit of z(9)?
8
Let a be 163 - (2 + -1 + 2). Let b = a - 134. What is the tens digit of b?
2
What is the hundreds digit of 6/(-4) + (-97063)/(-58)?
6
Let g(c) = -c**3 - 18*c**2 - 6*c - 35. What is the tens digit of g(-18)?
7
Suppose 3*w = 3 - 6. Let y = 3 + w. Suppose 0 = -y*c - c + 51. What is the tens digit of c?
1
What is the tens digit of (5 - ((-5784)/18 + -4))*3?
9
Let h(g) = g**2 - 11*g - 11. Let p(o) = -o**2 - 3*o - 3. Let v(t) = 2*h(t) - 6*p(t). Suppose 0 = 5*y + 1 + 9. What is the tens digit of v(y)?
3
Suppose -18 = k + 5*k. What is the units digit of 4 - (-542)/(-1 - k)?
5
Let d(m) = -m**3 + 24*m**2 + 8*m + 9. What is the hundreds digit of d(23)?
7
Suppose -4*j - 1832 = -2*h, h + 4*j + 275 = 1203. Suppose h = 6*f + 2*f. What is the hundreds digit of f?
1
Let r = -34 + 83. Let m = 18 - r. Let w = m - -47. What is the units digit of w?
6
Let s = 661 + 31. What is the tens digit of s?
9
Let q(v) = -v**2 - 10*v - 4. Let y(c)